is q(13)?
-32
Let t(a) = 11*a**2 - 359*a - 149. Determine t(33).
-17
Let k(r) = 2*r**2 + 103*r + 801. Determine k(-42).
3
Let o(z) = 9*z**2 + 308*z + 59. Give o(-34).
-9
Let o(v) = -v**3 - 26*v**2 - 88*v + 2. Give o(-22).
2
Let t(i) = -182*i - 42944. What is t(-236)?
8
Let v(n) = -901*n + 23399. Give v(26).
-27
Let m(g) = -g**3 + 4*g**2 + 178*g - 1041. Give m(6).
-45
Let d(o) = -o**3 - 27*o**2 + 39*o + 337. Give d(4).
-3
Let d(z) = -264*z - 11. Determine d(-1).
253
Let a(x) = -86*x + 108. What is a(0)?
108
Let u(p) = -16*p**3 + 2*p**2 + 19*p - 20. What is u(1)?
-15
Let i(a) = -a**2 - 40*a - 24. What is i(-37)?
87
Let m(y) = -23*y - 427. What is m(-17)?
-36
Let y(n) = 114*n + 920. Calculate y(-7).
122
Let f(x) = -21*x**2 + 440*x + 26. What is f(21)?
5
Let l(o) = o**3 - 15*o**2 + 214*o - 386. Calculate l(2).
-10
Let l(a) = 2*a**3 + 14*a**2 + 11*a + 11. Determine l(-6).
17
Let i(v) = 2*v**3 - 23*v**2 + 2707*v - 32631. Give i(12).
-3
Let n(r) = r**3 + 9*r**2. What is n(-9)?
0
Let f(j) = -34*j + 521. Determine f(15).
11
Let k(z) = -z**2 + 38*z - 12. What is k(35)?
93
Let w(y) = -165*y - 3255. Give w(-20).
45
Let l(q) = -q**2 - 49*q + 1808. What is l(25)?
-42
Let r(y) = -3*y**3 - 6*y**2 - 6*y - 4. Give r(-4).
116
Let c(n) = -55*n - 117. Calculate c(-5).
158
Let t(w) = -15*w + 1133. Give t(62).
203
Let i(t) = -3*t**2 + 38*t - 61. Determine i(4).
43
Let m(h) = -8529*h + 196174. Determine m(23).
7
Let l(v) = v**3 + 85*v**2 - 456*v - 543. Determine l(-90).
-3
Let g(l) = -l**2 + 13*l - 81. Give g(7).
-39
Let h(v) = -9*v**3 - 307*v**2 - 35*v - 57. Calculate h(-34).
-23
Let v(p) = -p**3 - 50*p**2 - 3*p - 124. Calculate v(-50).
26
Let n(m) = -m**2 - 781*m - 18167. Give n(-24).
1
Let m(v) = 2*v**3 - 20*v**2 - 24*v + 23. Give m(11).
1
Let f(m) = -m**3 - 6*m**2 + 20*m + 14. Give f(5).
-161
Let z(p) = p**3 + 3*p**2 + 7*p + 34. What is z(-4)?
-10
Let v(g) = 8*g + 43. Determine v(13).
147
Let j(x) = -3*x**2 + 61*x - 281. Give j(13).
5
Let r(j) = j**3 - 27*j**2 + 229*j - 3775. Give r(24).
-7
Let b(q) = q**3 + 38*q**2 + 107*q + 1263. What is b(-36)?
3
Let c(g) = -g**3 + 33*g**2 + 71*g + 32. What is c(35)?
67
Let j(h) = -2*h**3 - 155*h**2 + 1654*h + 89. Determine j(-87).
2
Let w(r) = -259*r + 4662. Calculate w(18).
0
Let y(o) = o**3 - 11*o**2 + 20*o + 7. Calculate y(0).
7
Let t(y) = -2*y**3 - 5*y**2 + 42*y + 19. Give t(4).
-21
Let a(u) = u**3 - 21*u**2 - 16*u + 5. Calculate a(22).
137
Let b(d) = -d**3 + 8. Calculate b(-3).
35
Let b(t) = -12*t**2 + 306*t + 189. What is b(26)?
33
Let v(w) = -68*w - 1781. Determine v(-26).
-13
Let t(l) = -282*l - 42014. Give t(-149).
4
Let t(p) = -245*p**2 - 8573*p + 57. Give t(-35).
-13
Let l(p) = 72*p + 242. Calculate l(-3).
26
Let r(v) = 3*v**2 - 629*v + 7112. Give r(12).
-4
Let w(m) = m**3 - 13*m**2 + 19*m - 60. Calculate w(12).
24
Let b(o) = 4*o - 224. Determine b(23).
-132
Let n(k) = 24*k - 1126. Determine n(44).
-70
Let u(i) = 75*i - 35. Determine u(-4).
-335
Let z(c) = -c**2 - 12*c + 844. Determine z(-36).
-20
Let s(r) = 18*r**2 - 250*r - 10. What is s(14)?
18
Let x(i) = -2*i**3 + 33*i**2 + 4*i + 106. Determine x(18).
-794
Let j(g) = -2*g**3 + 53*g**2 + 29*g - 56. What is j(27)?
-2
Let z(h) = 2*h - 199. Give z(103).
7
Let b(h) = 29*h**2 + 126*h - 250. Determine b(2).
118
Let t(m) = -356*m + 4269. Give t(12).
-3
Let a(u) = -u**3 - 11*u**2 + 30*u + 41. Calculate a(-13).
-11
Let a(q) = 3*q**2 - 72*q + 48. Give a(18).
-276
Let i(g) = g**3 - 113*g**2 - 7107*g + 136. Determine i(-45).
1
Let x(p) = -12053*p - 48213. Give x(-4).
-1
Let l(s) = s**3 - 13*s**2 - 61*s + 462. Give l(14).
-196
Let m(b) = 26*b + 3481. Calculate m(-134).
-3
Let y(h) = -3*h**3 + 33*h**2 + 36*h - 3. Determine y(12).
-3
Let r(a) = 17655*a + 229522. What is r(-13)?
7
Let f(d) = 1191*d + 33345. What is f(-28)?
-3
Let a(x) = 12*x**2 - 20. What is a(4)?
172
Let w(b) = 10*b**3 - 4*b**2 + 93*b - 91. Determine w(1).
8
Let y(z) = -z**3 + z**2 + 24*z + 97. Give y(-3).
61
Let n(l) = -l**3 + 54*l**2 - 28*l - 1326. Determine n(53).
-1
Let h(v) = 5*v**2 + 11*v + 119. Calculate h(-8).
351
Let d(m) = 5*m**3 - 4*m**2 - 4*m. Determine d(-2).
-48
Let u(l) = l**3 - 14*l**2 - 94*l - 1. Give u(19).
18
Let b(a) = a**3 - 7*a**2 - 54*a + 412. Give b(8).
44
Let w(z) = 24*z - 893. Give w(41).
91
Let t(d) = 144*d + 699. What is t(-6)?
-165
Let k(v) = v**2 - 4*v - 57. Calculate k(22).
339
Let y(l) = l**3 + 15*l**2 - 8*l - 119. Calculate y(-10).
461
Let a(o) = -64*o + 351. Determine a(6).
-33
Let q(v) = -3*v**3 + 8*v**2 + 3. Determine q(6).
-357
Let i(q) = -280*q + 1978. Give i(7).
18
Let f(m) = m**3 - 42*m**2 + 6*m - 305. Give f(42).
-53
Let t(c) = 88*c - 93. Determine t(-2).
-269
Let k(g) = -16*g - 1483. Give k(-93).
5
Let h(t) = t**3 + 140*t**2 - 248*t + 5107. What is h(-142)?
-5
Let t(k) = 79*k + 701. Give t(-9).
-10
Let k(i) = 3*i**2 + 14*i + 49. Calculate k(-4).
41
Let w(v) = 38*v**2 - 265*v - 27. Determine w(7).
-20
Let x(l) = -l**2 - 2*l + 526. Calculate x(-25).
-49
Let k(i) = -208*i - 930. Determine k(-6).
318
Let m(k) = -6*k**2 - 137*k + 415. Determine m(3).
-50
Let o(b) = -3*b**3 + 325*b**2 - 100*b - 874. Determine o(108).
-10
Let s(h) = 7*h**2 + 225*h - 46. Determine s(-32).
-78
Let b(u) = -340*u - 10504. Calculate b(-31).
36
Let g(j) = j**3 - 13*j**2 + 49*j + 17. Give g(7).
66
Let k(c) = 339*c**3 + c**2 - c. What is k(1)?
339
Let q(k) = k**3 + 164*k**2 + 12*k + 1990. Calculate q(-164).
22
Let i(g) = g**3 + 20*g**2 - 42*g + 14. Give i(-22).
-30
Let b(g) = g**2 - 60*g - 2827. Calculate b(-31).
-6
Let v(a) = -143*a - 136. What is v(-1)?
7
Let c(k) = 57*k - 818. Give c(15).
37
Let y(r) = r**2 + 7*r - 36. Determine y(-11).
8
Let s(p) = 4*p**2 - 7*p + 34. What is s(3)?
49
Let z(u) = -954*u - 4805. What is z(-5)?
-35
Let j(z) = z**3 - 43*z**2 + 190*z - 93. Determine j(38).
-93
Let x(c) = 225*c + 10. What is x(0)?
10
Let c(i) = -i**3 - 49*i**2 + 80*i - 1128. What is c(-51)?
-6
Let n(o) = 41*o + 1112. Give n(-27).
5
Let l(x) = -4*x**3 - 31*x**2 - 10*x - 9. Calculate l(-8).
135
Let g(p) = p**3 - 8*p**2 - 28*p - 46. What is g(11)?
9
Let b(c) = -480*c + 8086. Give b(17).
-74
Let s(g) = -g**3 + 23*g**2 + 418*g + 62. What is s(35)?
-8
Let k(v) = -273*v + 1728. Determine k(6).
90
Let m(f) = -f + 934. Determine m(-16).
950
Let i(s) = -s**3 + 37*s**2 - 84*s - 602. What is i(34)?
10
Let v(h) = 10*h**3 + 4*h - 3. Give v(-2).
-91
Let s(o) = -o**2 - 37*o + 26. Calculate s(-41).
-138
Let a(u) = -12*u - 585. What is a(37)?
-1029
Let h(v) = 24*v + 174. Determine h(-9).
-42
Let r(j) = 785*j + 4700. Calculate r(-6).
-10
Let w(z) = 19*z - 250. Give w(12).
-22
Let a(q) = 8*q**2 - 163*q + 51. Give a(20).
-9
Let q(v) = -v**3 - 14*v**2 + 76*v + 31. Give q(-18).
-41
Let x(v) = -808*v - 3194. Determine x(-4).
38
Let d(a) = -327*a - 13080. What is d(-40)?
0
Let l(q) = 27*q + 457. What is l(-12)?
133
Let u(y) = 3*y**2 + 49*y + 83. What is u(-14)?
-15
Let l(p) = 213*p + 6017. What is l(-28)?
53
Let t(j) = 3*j**2 - 5*j + 83. Give t(11).
391
Let x(o) = o**2 + 10*o - 44. Calculate x(-16).
52
Let u(q) = -q**2 + 26*q + 3092. Determine u(-44).
12
Let a(z) = -z**3 + 10*z**2 - 12*z - 39. Determine a(9).
-66
Let o(c) = -129*c**2 - 1029*c + 26. What is o(-8)?
2
Let s(l) = -541*l - 1263. Determine s(-3).
360
Let h(m) = -7*m + 197. Give h(35).
-48
Let f(h) = 6902*h + 13806. What is f(-2)?
2
Let p(b) = 2*b**2 + 515*b + 18951. Determine p(-213).
-6
Let w(j) = 585*j + 4693. Give w(-8).
13
Let k(f) = -f**3 + 21*f**2 + 278*f - 5951. Determine k(20).
9
Let w(m) = 676*m - 36499. What is w(54)?
5
Let l(i) = -i**3 + 8*i**2 - 5*i + 62. What is l(9)?
-64
Let t(z) = 2*z**3 - 37*z**2 + 12*z + 45. Determine t(17).
-618
Let o(a) = -a**3 + 13*a**2 + 19*a + 33. Calculate o(16).
-431
Let l(t) = -48*t - 3119. What is l(-65)?
1
Let p(w) = -332*w - 340. Calculate p(-1).
-8
Let r(u) = u**2 + 29*u - 385. Calculate r(-39).
5
Let w(o) = 16046*o - 449290. What is w(28)?
-2
Let n(h) = -113*h - 3596. Give n(-32).
20
Let v(g) = -5*g**3 + 6*g**2 + 5*g - 9. Determine v(4).
-213
Let c(s) = -s**3 - 6*s**2 - 890*s - 6278. Give c(-7).
1
Let w(j) = -1601*j - 1698. What is w(-1)?
-97
Let v(k) = 2*k**2 - 311*k - 619. Calculate v(-2).
11
Let n(s) = -23*s + 558. What is n(20)?
98
Let b(d) = -3*d**2 - 10*d + 2645. Give b(28).
13
Let x(c) = c**3 + 13*c**2 + 56*c